{"id":2123,"date":"2021-05-01T13:09:26","date_gmt":"2021-05-01T10:09:26","guid":{"rendered":"https:\/\/www.valkoinenkreivitar.fi\/content\/?post_type=product&#038;p=2123"},"modified":"2025-02-25T12:27:29","modified_gmt":"2025-02-25T10:27:29","slug":"korsetin-paluu-kirja","status":"publish","type":"product","link":"https:\/\/www.valkoinenkreivitar.fi\/content\/?product=korsetin-paluu-kirja","title":{"rendered":"Korsetin Paluu- kirja"},"content":{"rendered":"<p style=\"text-align: center;\"><strong>Korsetin Paluu<\/strong> on kirja sinulle, joka olet kiinnostunut korsettien tekemisest\u00e4. Korsetti taipuu juhlapuvuksi, alusvaatteeksi tai rooliasuksi, sin\u00e4 p\u00e4\u00e4t\u00e4t.<\/p>\n<p>Kirja soveltuu ompeluharrastajalle, opiskelijalle tai ammattilaiselle, joka haluaa syvent\u00e4\u00e4 tietoaan istuvien yl\u00e4osien parissa. Kirjassa k\u00e4sitell\u00e4\u00e4n korsettien k\u00e4ytt\u00f6\u00e4, huoltoa, sek\u00e4 tutustutaan materiaaleihin ja ompeluun seikkaper\u00e4isin kuvituksin. Mukana mittojen otto ja kaavoitusta. Kirjan on laatinut Johanna Pohjanmies yhdess\u00e4 Aurora Raiskisen kanssa, joilla kummallakin on parinkymmenen vuoden kokemus korseteista ja juhlapukineista.<\/p>\n<p>Sivum\u00e4\u00e4r\u00e4 130, koko A4, v\u00e4ri, kovakantinen. ISBN 978-952-67357-4-0<\/p>\n<p>&nbsp;<\/p>\n<p><img loading=\"lazy\" decoding=\"async\" class=\"alignnone size-medium wp-image-2073\" src=\"http:\/\/www.valkoinenkreivitar.fi\/content\/wp-content\/uploads\/2021\/04\/korsettifiilis-300x225.jpg\" alt=\"\" width=\"300\" height=\"225\" srcset=\"https:\/\/www.valkoinenkreivitar.fi\/content\/wp-content\/uploads\/2021\/04\/korsettifiilis-300x225.jpg 300w, https:\/\/www.valkoinenkreivitar.fi\/content\/wp-content\/uploads\/2021\/04\/korsettifiilis-450x338.jpg 450w, https:\/\/www.valkoinenkreivitar.fi\/content\/wp-content\/uploads\/2021\/04\/korsettifiilis-50x38.jpg 50w, https:\/\/www.valkoinenkreivitar.fi\/content\/wp-content\/uploads\/2021\/04\/korsettifiilis.jpg 600w\" sizes=\"auto, (max-width: 300px) 100vw, 300px\" \/> <img loading=\"lazy\" decoding=\"async\" class=\"alignnone size-medium wp-image-2074\" src=\"http:\/\/www.valkoinenkreivitar.fi\/content\/wp-content\/uploads\/2021\/04\/korsettifiilis2-copy-300x225.jpg\" alt=\"\" width=\"300\" height=\"225\" srcset=\"https:\/\/www.valkoinenkreivitar.fi\/content\/wp-content\/uploads\/2021\/04\/korsettifiilis2-copy-300x225.jpg 300w, https:\/\/www.valkoinenkreivitar.fi\/content\/wp-content\/uploads\/2021\/04\/korsettifiilis2-copy-450x338.jpg 450w, https:\/\/www.valkoinenkreivitar.fi\/content\/wp-content\/uploads\/2021\/04\/korsettifiilis2-copy-50x38.jpg 50w, https:\/\/www.valkoinenkreivitar.fi\/content\/wp-content\/uploads\/2021\/04\/korsettifiilis2-copy.jpg 508w\" sizes=\"auto, (max-width: 300px) 100vw, 300px\" \/> <img loading=\"lazy\" decoding=\"async\" class=\"alignnone size-medium wp-image-2075\" src=\"http:\/\/www.valkoinenkreivitar.fi\/content\/wp-content\/uploads\/2021\/04\/kansimalli-213x300.jpg\" alt=\"\" width=\"213\" height=\"300\" srcset=\"https:\/\/www.valkoinenkreivitar.fi\/content\/wp-content\/uploads\/2021\/04\/kansimalli-213x300.jpg 213w, https:\/\/www.valkoinenkreivitar.fi\/content\/wp-content\/uploads\/2021\/04\/kansimalli-scaled-450x634.jpg 450w, https:\/\/www.valkoinenkreivitar.fi\/content\/wp-content\/uploads\/2021\/04\/kansimalli-726x1024.jpg 726w, https:\/\/www.valkoinenkreivitar.fi\/content\/wp-content\/uploads\/2021\/04\/kansimalli-768x1083.jpg 768w, https:\/\/www.valkoinenkreivitar.fi\/content\/wp-content\/uploads\/2021\/04\/kansimalli-1090x1536.jpg 1090w, https:\/\/www.valkoinenkreivitar.fi\/content\/wp-content\/uploads\/2021\/04\/kansimalli-1453x2048.jpg 1453w, https:\/\/www.valkoinenkreivitar.fi\/content\/wp-content\/uploads\/2021\/04\/kansimalli-600x846.jpg 600w, https:\/\/www.valkoinenkreivitar.fi\/content\/wp-content\/uploads\/2021\/04\/kansimalli-35x50.jpg 35w, https:\/\/www.valkoinenkreivitar.fi\/content\/wp-content\/uploads\/2021\/04\/kansimalli-scaled.jpg 1816w\" sizes=\"auto, (max-width: 213px) 100vw, 213px\" \/><\/p>\n<p><strong>Huom! Opiskelijaryhm\u00e4t, pyyt\u00e4k\u00e4\u00e4 kirjoista tarjous.<\/strong><\/p>\n","protected":false},"excerpt":{"rendered":"<p>Korsetin Paluu on kirja sinulle, joka olet kiinnostunut korsettien tekemisest\u00e4. Korsetti taipuu juhlapuvuksi, alusvaatteeksi tai rooliasuksi, sin\u00e4 p\u00e4\u00e4t\u00e4t. Kirja soveltuu ompeluharrastajalle, opiskelijalle tai ammattilaiselle, joka haluaa syvent\u00e4\u00e4 tietoaan istuvien yl\u00e4osien parissa. Kirjassa k\u00e4sitell\u00e4\u00e4n korsettien k\u00e4ytt\u00f6\u00e4, huoltoa, sek\u00e4 tutustutaan materiaaleihin ja ompeluun seikkaper\u00e4isin kuvituksin. Mukana mittojen otto ja kaavoitusta. Kirjan on laatinut Johanna Pohjanmies yhdess\u00e4 Aurora Raiskisen kanssa, joilla kummallakin on parinkymmenen vuoden kokemus korseteista ja juhlapukineista. Sivum\u00e4\u00e4r\u00e4 130, koko A4, v\u00e4ri, kovakantinen. ISBN 978-952-67357-4-0 &nbsp; Huom! Opiskelijaryhm\u00e4t, pyyt\u00e4k\u00e4\u00e4 kirjoista tarjous.<\/p>\n","protected":false},"featured_media":2075,"template":"","meta":[],"product_brand":[],"product_cat":[79],"product_tag":[],"class_list":{"0":"post-2123","1":"product","2":"type-product","3":"status-publish","4":"has-post-thumbnail","6":"product_cat-korsettitarvikkeet","8":"first","9":"instock","10":"taxable","11":"shipping-taxable","12":"purchasable","13":"product-type-simple"},"_links":{"self":[{"href":"https:\/\/www.valkoinenkreivitar.fi\/content\/index.php?rest_route=\/wp\/v2\/product\/2123","targetHints":{"allow":["GET"]}}],"collection":[{"href":"https:\/\/www.valkoinenkreivitar.fi\/content\/index.php?rest_route=\/wp\/v2\/product"}],"about":[{"href":"https:\/\/www.valkoinenkreivitar.fi\/content\/index.php?rest_route=\/wp\/v2\/types\/product"}],"wp:featuredmedia":[{"embeddable":true,"href":"https:\/\/www.valkoinenkreivitar.fi\/content\/index.php?rest_route=\/wp\/v2\/media\/2075"}],"wp:attachment":[{"href":"https:\/\/www.valkoinenkreivitar.fi\/content\/index.php?rest_route=%2Fwp%2Fv2%2Fmedia&parent=2123"}],"wp:term":[{"taxonomy":"product_brand","embeddable":true,"href":"https:\/\/www.valkoinenkreivitar.fi\/content\/index.php?rest_route=%2Fwp%2Fv2%2Fproduct_brand&post=2123"},{"taxonomy":"product_cat","embeddable":true,"href":"https:\/\/www.valkoinenkreivitar.fi\/content\/index.php?rest_route=%2Fwp%2Fv2%2Fproduct_cat&post=2123"},{"taxonomy":"product_tag","embeddable":true,"href":"https:\/\/www.valkoinenkreivitar.fi\/content\/index.php?rest_route=%2Fwp%2Fv2%2Fproduct_tag&post=2123"}],"curies":[{"name":"wp","href":"https:\/\/api.w.org\/{rel}","templated":true}]}}