{"id":2027,"date":"2021-03-23T16:30:49","date_gmt":"2021-03-23T14:30:49","guid":{"rendered":"http:\/\/www.valkoinenkreivitar.fi\/content\/?post_type=product&#038;p=2027"},"modified":"2021-03-23T16:31:07","modified_gmt":"2021-03-23T14:31:07","slug":"steampiunk-rusetti","status":"publish","type":"product","link":"https:\/\/www.valkoinenkreivitar.fi\/content\/?product=steampiunk-rusetti","title":{"rendered":"Steampunk-rusetti"},"content":{"rendered":"<p>Kierr\u00e4tysnahkasta valmistettu rusetti. Nahan paksuus 2,8 mm. V\u00e4ri ruskea\/musta, taustapuoli musta. Nauha musta ja s\u00e4\u00e4dett\u00e4v\u00e4. Valmistettu Porvoossa.<\/p>\n","protected":false},"excerpt":{"rendered":"<p>Kierr\u00e4tysnahkasta valmistettu rusetti. Nahan paksuus 2,8 mm. V\u00e4ri ruskea\/musta, taustapuoli musta. Nauha musta ja s\u00e4\u00e4dett\u00e4v\u00e4. Valmistettu Porvoossa.<\/p>\n","protected":false},"featured_media":2028,"template":"","meta":[],"product_brand":[],"product_cat":[70],"product_tag":[],"class_list":{"0":"post-2027","1":"product","2":"type-product","3":"status-publish","4":"has-post-thumbnail","6":"product_cat-alushameet","8":"first","9":"instock","10":"taxable","11":"shipping-taxable","12":"purchasable","13":"product-type-simple"},"_links":{"self":[{"href":"https:\/\/www.valkoinenkreivitar.fi\/content\/index.php?rest_route=\/wp\/v2\/product\/2027","targetHints":{"allow":["GET"]}}],"collection":[{"href":"https:\/\/www.valkoinenkreivitar.fi\/content\/index.php?rest_route=\/wp\/v2\/product"}],"about":[{"href":"https:\/\/www.valkoinenkreivitar.fi\/content\/index.php?rest_route=\/wp\/v2\/types\/product"}],"wp:featuredmedia":[{"embeddable":true,"href":"https:\/\/www.valkoinenkreivitar.fi\/content\/index.php?rest_route=\/wp\/v2\/media\/2028"}],"wp:attachment":[{"href":"https:\/\/www.valkoinenkreivitar.fi\/content\/index.php?rest_route=%2Fwp%2Fv2%2Fmedia&parent=2027"}],"wp:term":[{"taxonomy":"product_brand","embeddable":true,"href":"https:\/\/www.valkoinenkreivitar.fi\/content\/index.php?rest_route=%2Fwp%2Fv2%2Fproduct_brand&post=2027"},{"taxonomy":"product_cat","embeddable":true,"href":"https:\/\/www.valkoinenkreivitar.fi\/content\/index.php?rest_route=%2Fwp%2Fv2%2Fproduct_cat&post=2027"},{"taxonomy":"product_tag","embeddable":true,"href":"https:\/\/www.valkoinenkreivitar.fi\/content\/index.php?rest_route=%2Fwp%2Fv2%2Fproduct_tag&post=2027"}],"curies":[{"name":"wp","href":"https:\/\/api.w.org\/{rel}","templated":true}]}}