{"id":2178,"date":"2021-09-30T11:22:25","date_gmt":"2021-09-30T08:22:25","guid":{"rendered":"http:\/\/www.valkoinenkreivitar.fi\/content\/?post_type=product&#038;p=2178"},"modified":"2021-09-30T11:22:26","modified_gmt":"2021-09-30T08:22:26","slug":"pitka-tyllihuntu-300-cm","status":"publish","type":"product","link":"http:\/\/www.valkoinenkreivitar.fi\/content\/?product=pitka-tyllihuntu-300-cm","title":{"rendered":"Pitk\u00e4 tyllihuntu 300 cm"},"content":{"rendered":"<p>Pehme\u00e4\u00e4, henk\u00e4yksen kevytt\u00e4 tylli\u00e4. Pituus 300 cm. Sopii esimerkiksi hyvin pitk\u00e4n laahuksen p\u00e4\u00e4lle. Kampakiinnitys.<\/p>\n<p><img loading=\"lazy\" decoding=\"async\" class=\"alignleft size-medium wp-image-2180\" src=\"http:\/\/www.valkoinenkreivitar.fi\/content\/wp-content\/uploads\/2021\/09\/S261_conf_BiancoEvento_veil_01-225x300.jpg\" alt=\"\" width=\"225\" height=\"300\" srcset=\"http:\/\/www.valkoinenkreivitar.fi\/content\/wp-content\/uploads\/2021\/09\/S261_conf_BiancoEvento_veil_01-225x300.jpg 225w, http:\/\/www.valkoinenkreivitar.fi\/content\/wp-content\/uploads\/2021\/09\/S261_conf_BiancoEvento_veil_01-scaled-450x600.jpg 450w, http:\/\/www.valkoinenkreivitar.fi\/content\/wp-content\/uploads\/2021\/09\/S261_conf_BiancoEvento_veil_01-768x1024.jpg 768w, http:\/\/www.valkoinenkreivitar.fi\/content\/wp-content\/uploads\/2021\/09\/S261_conf_BiancoEvento_veil_01-1152x1536.jpg 1152w, http:\/\/www.valkoinenkreivitar.fi\/content\/wp-content\/uploads\/2021\/09\/S261_conf_BiancoEvento_veil_01-1536x2048.jpg 1536w, http:\/\/www.valkoinenkreivitar.fi\/content\/wp-content\/uploads\/2021\/09\/S261_conf_BiancoEvento_veil_01-600x800.jpg 600w, http:\/\/www.valkoinenkreivitar.fi\/content\/wp-content\/uploads\/2021\/09\/S261_conf_BiancoEvento_veil_01-38x50.jpg 38w, http:\/\/www.valkoinenkreivitar.fi\/content\/wp-content\/uploads\/2021\/09\/S261_conf_BiancoEvento_veil_01-scaled.jpg 1920w\" sizes=\"auto, (max-width: 225px) 100vw, 225px\" \/><\/p>\n","protected":false},"excerpt":{"rendered":"<p>Pehme\u00e4\u00e4, henk\u00e4yksen kevytt\u00e4 tylli\u00e4. Pituus 300 cm. Sopii esimerkiksi hyvin pitk\u00e4n laahuksen p\u00e4\u00e4lle. Kampakiinnitys.<\/p>\n","protected":false},"featured_media":2180,"template":"","meta":[],"product_brand":[],"product_cat":[74],"product_tag":[],"class_list":{"0":"post-2178","1":"product","2":"type-product","3":"status-publish","4":"has-post-thumbnail","6":"product_cat-hunnut","8":"first","9":"instock","10":"taxable","11":"shipping-taxable","12":"purchasable","13":"product-type-simple"},"_links":{"self":[{"href":"http:\/\/www.valkoinenkreivitar.fi\/content\/index.php?rest_route=\/wp\/v2\/product\/2178","targetHints":{"allow":["GET"]}}],"collection":[{"href":"http:\/\/www.valkoinenkreivitar.fi\/content\/index.php?rest_route=\/wp\/v2\/product"}],"about":[{"href":"http:\/\/www.valkoinenkreivitar.fi\/content\/index.php?rest_route=\/wp\/v2\/types\/product"}],"wp:featuredmedia":[{"embeddable":true,"href":"http:\/\/www.valkoinenkreivitar.fi\/content\/index.php?rest_route=\/wp\/v2\/media\/2180"}],"wp:attachment":[{"href":"http:\/\/www.valkoinenkreivitar.fi\/content\/index.php?rest_route=%2Fwp%2Fv2%2Fmedia&parent=2178"}],"wp:term":[{"taxonomy":"product_brand","embeddable":true,"href":"http:\/\/www.valkoinenkreivitar.fi\/content\/index.php?rest_route=%2Fwp%2Fv2%2Fproduct_brand&post=2178"},{"taxonomy":"product_cat","embeddable":true,"href":"http:\/\/www.valkoinenkreivitar.fi\/content\/index.php?rest_route=%2Fwp%2Fv2%2Fproduct_cat&post=2178"},{"taxonomy":"product_tag","embeddable":true,"href":"http:\/\/www.valkoinenkreivitar.fi\/content\/index.php?rest_route=%2Fwp%2Fv2%2Fproduct_tag&post=2178"}],"curies":[{"name":"wp","href":"https:\/\/api.w.org\/{rel}","templated":true}]}}

Pitkä tyllihuntu 300 cm

<p>Pehmeää, henkäyksen kevyttä tylliä. Pituus 300 cm. Sopii esimerkiksi hyvin pitkän laahuksen päälle. Kampakiinnitys.</p>
<p><img loading="lazy" decoding="async" class="alignleft size-medium wp-image-2180" src="http://www.valkoinenkreivitar.fi/content/wp-content/uploads/2021/09/S261_conf_BiancoEvento_veil_01-225x300.jpg" alt="" width="225" height="300" srcset="http://www.valkoinenkreivitar.fi/content/wp-content/uploads/2021/09/S261_conf_BiancoEvento_veil_01-225x300.jpg 225w, http://www.valkoinenkreivitar.fi/content/wp-content/uploads/2021/09/S261_conf_BiancoEvento_veil_01-scaled-450x600.jpg 450w, http://www.valkoinenkreivitar.fi/content/wp-content/uploads/2021/09/S261_conf_BiancoEvento_veil_01-768x1024.jpg 768w, http://www.valkoinenkreivitar.fi/content/wp-content/uploads/2021/09/S261_conf_BiancoEvento_veil_01-1152x1536.jpg 1152w, http://www.valkoinenkreivitar.fi/content/wp-content/uploads/2021/09/S261_conf_BiancoEvento_veil_01-1536x2048.jpg 1536w, http://www.valkoinenkreivitar.fi/content/wp-content/uploads/2021/09/S261_conf_BiancoEvento_veil_01-600x800.jpg 600w, http://www.valkoinenkreivitar.fi/content/wp-content/uploads/2021/09/S261_conf_BiancoEvento_veil_01-38x50.jpg 38w, http://www.valkoinenkreivitar.fi/content/wp-content/uploads/2021/09/S261_conf_BiancoEvento_veil_01-scaled.jpg 1920w" sizes="auto, (max-width: 225px) 100vw, 225px" /></p>

<p>Pehmeää, henkäyksen kevyttä tylliä. Pituus 300 cm. Sopii esimerkiksi hyvin pitkän laahuksen päälle. Kampakiinnitys.</p>
