{"id":1796,"date":"2019-11-22T11:33:14","date_gmt":"2019-11-22T09:33:14","guid":{"rendered":"http:\/\/www.valkoinenkreivitar.fi\/content\/?post_type=product&#038;p=1796"},"modified":"2024-07-08T22:26:43","modified_gmt":"2024-07-08T19:26:43","slug":"pitsihuntu-pp200","status":"publish","type":"product","link":"http:\/\/www.valkoinenkreivitar.fi\/content\/?product=pitsihuntu-pp200","title":{"rendered":"Pitsihuntu PP200"},"content":{"rendered":"\n<p>Pehme\u00e4\u00e4, pienisilm\u00e4ist\u00e4 tylli\u00e4 oleva yksikerroksinen huntu. Pituus 200 cm. Kampakiinnitys. Pitsireunus.<\/p>\n","protected":false},"excerpt":{"rendered":"<p><img loading=\"lazy\" decoding=\"async\" class=\"alignleft size-medium wp-image-1797\" src=\"http:\/\/www.valkoinenkreivitar.fi\/content\/wp-content\/uploads\/2019\/11\/PP200-225x300.jpg\" alt=\"\" width=\"225\" height=\"300\" srcset=\"http:\/\/www.valkoinenkreivitar.fi\/content\/wp-content\/uploads\/2019\/11\/PP200-225x300.jpg 225w, http:\/\/www.valkoinenkreivitar.fi\/content\/wp-content\/uploads\/2019\/11\/PP200-450x600.jpg 450w, http:\/\/www.valkoinenkreivitar.fi\/content\/wp-content\/uploads\/2019\/11\/PP200-38x50.jpg 38w, http:\/\/www.valkoinenkreivitar.fi\/content\/wp-content\/uploads\/2019\/11\/PP200.jpg 600w\" sizes=\"auto, (max-width: 225px) 100vw, 225px\" \/> <img loading=\"lazy\" decoding=\"async\" class=\"alignleft size-medium wp-image-1798\" src=\"http:\/\/www.valkoinenkreivitar.fi\/content\/wp-content\/uploads\/2019\/11\/PP200d-225x300.jpg\" alt=\"\" width=\"225\" height=\"300\" srcset=\"http:\/\/www.valkoinenkreivitar.fi\/content\/wp-content\/uploads\/2019\/11\/PP200d-225x300.jpg 225w, http:\/\/www.valkoinenkreivitar.fi\/content\/wp-content\/uploads\/2019\/11\/PP200d-450x600.jpg 450w, http:\/\/www.valkoinenkreivitar.fi\/content\/wp-content\/uploads\/2019\/11\/PP200d-38x50.jpg 38w, http:\/\/www.valkoinenkreivitar.fi\/content\/wp-content\/uploads\/2019\/11\/PP200d.jpg 600w\" sizes=\"auto, (max-width: 225px) 100vw, 225px\" \/><\/p>\n","protected":false},"featured_media":1797,"template":"","meta":[],"product_brand":[],"product_cat":[74],"product_tag":[],"class_list":{"0":"post-1796","1":"product","2":"type-product","3":"status-publish","4":"has-post-thumbnail","6":"product_cat-hunnut","8":"first","9":"outofstock","10":"taxable","11":"shipping-taxable","12":"purchasable","13":"product-type-simple"},"_links":{"self":[{"href":"http:\/\/www.valkoinenkreivitar.fi\/content\/index.php?rest_route=\/wp\/v2\/product\/1796","targetHints":{"allow":["GET"]}}],"collection":[{"href":"http:\/\/www.valkoinenkreivitar.fi\/content\/index.php?rest_route=\/wp\/v2\/product"}],"about":[{"href":"http:\/\/www.valkoinenkreivitar.fi\/content\/index.php?rest_route=\/wp\/v2\/types\/product"}],"wp:featuredmedia":[{"embeddable":true,"href":"http:\/\/www.valkoinenkreivitar.fi\/content\/index.php?rest_route=\/wp\/v2\/media\/1797"}],"wp:attachment":[{"href":"http:\/\/www.valkoinenkreivitar.fi\/content\/index.php?rest_route=%2Fwp%2Fv2%2Fmedia&parent=1796"}],"wp:term":[{"taxonomy":"product_brand","embeddable":true,"href":"http:\/\/www.valkoinenkreivitar.fi\/content\/index.php?rest_route=%2Fwp%2Fv2%2Fproduct_brand&post=1796"},{"taxonomy":"product_cat","embeddable":true,"href":"http:\/\/www.valkoinenkreivitar.fi\/content\/index.php?rest_route=%2Fwp%2Fv2%2Fproduct_cat&post=1796"},{"taxonomy":"product_tag","embeddable":true,"href":"http:\/\/www.valkoinenkreivitar.fi\/content\/index.php?rest_route=%2Fwp%2Fv2%2Fproduct_tag&post=1796"}],"curies":[{"name":"wp","href":"https:\/\/api.w.org\/{rel}","templated":true}]}}