{"id":86,"date":"2011-12-16T03:12:37","date_gmt":"2011-12-16T03:12:37","guid":{"rendered":"http:\/\/www.kriesi.at\/themes\/propulsion\/?page_id=86"},"modified":"2026-02-26T14:22:47","modified_gmt":"2026-02-26T12:22:47","slug":"contact","status":"publish","type":"page","link":"http:\/\/www.valkoinenkreivitar.fi\/content\/?page_id=86","title":{"rendered":"Yhteystiedot"},"content":{"rendered":"<h4>Aidosti palveleva juhlapukuliike<\/h4>\n<h4><strong><strong>Mannerheiminkatu 23<\/strong><br \/>\n<strong> 06100 Porvoo<\/strong><br \/>\n<strong> puh 020 759 7760<\/strong><br \/>\n<strong> info@valkoinenkreivitar.fi<br \/>\n<\/strong>Avoinna: Ajanvarauksella. Nettikalenterista l\u00f6yd\u00e4t aikoja tai soita tai viestit\u00e4.<br \/>\n<\/strong><\/h4>\n<h5><strong>Ajan voit varata alla olevasta linkist\u00e4, soittamalla tai laittamalla viesti\u00e4.<br \/>\n<a href=\"https:\/\/timma.fi\/valkoinenkreivitar\" target=\"_blank\" rel=\"noopener noreferrer\">Varaa aika netiss\u00e4!<\/a><\/strong><\/h5>\n<p>Meille on helppo tulla, Porvoon bussiasemalta on lyhyt k\u00e4velymatka. Autolle l\u00f6ytyy aina tilaa esimerkiksi virastotalon parkkipaikalla ja liikkeen takana kulkevilla sivukaduilla. Nopeat noudot ja tavarantuonnin voi hoitaa liikkeen edess\u00e4 kulkevalla k\u00e4velykadulla.<\/p>\n<p>Porvooseen kannattaa tulla pidemm\u00e4lt\u00e4kin, sill\u00e4 esimerkiksi idylliset kahvilat ja shoppailumahdollisuudet Wanhassa Porvoossa l\u00f6ytyv\u00e4t ihan k\u00e4velymatkan p\u00e4\u00e4st\u00e4. Ota siis kaasot ja makutuomarit mukaan, puvun oston v\u00e4lill\u00e4 voitte k\u00e4yd\u00e4 rentoutumassa kakkukahvilla!<\/p>\n<p>Lastenvaunujen\/py\u00f6r\u00e4tuolin kanssa koputa ikkunaan, niin autamme raput.<\/p>\n<p><strong>Yhteisty\u00f6ss\u00e4:<br \/>\n<a href=\"http:\/\/www.studiolindell.fi\" target=\"_blank\" rel=\"noopener noreferrer\">Studio Lindell<br \/>\n<\/a><a href=\"http:\/\/haat.fi\">h\u00e4\u00e4t.fi<\/a><br \/>\n<a href=\"http:\/\/haatjajuhlat.fi\">H\u00e4\u00e4t ja Juhlat<\/a><br \/>\n<a href=\"http:\/\/lovemedo.fi\/\">Love Me Do-Hurmaavan erilainen h\u00e4\u00e4tapahtuma<\/a>\u00a0<\/strong><\/p>\n<p><iframe loading=\"lazy\" style=\"border: 0;\" src=\"https:\/\/www.google.com\/maps\/embed?pb=!1m14!1m8!1m3!1d1971.1204129653383!2d25.659494!3d60.39368899999999!3m2!1i1024!2i768!4f13.1!3m3!1m2!1s0x0%3A0x9def9992bdee8c5c!2sValkoinen+Kreivit%C3%A4r+Oy!5e0!3m2!1sen!2sfi!4v1413012935683\" width=\"1000\" height=\"1000\" frameborder=\"0\"><\/iframe><\/p>\n<p>Sivujen kuvat: Valkoinen Kreivit\u00e4r ja sen edustamat merkit, <a href=\"http:\/\/www.studiolindell.fi\" target=\"_blank\" rel=\"noopener noreferrer\">Studio Lindell<\/a><\/p>\n","protected":false},"excerpt":{"rendered":"<p>Aidosti palveleva juhlapukuliike Mannerheiminkatu 23 06100 Porvoo puh 020 759 7760 info@valkoinenkreivitar.fi Avoinna: Ajanvarauksella. Nettikalenterista l\u00f6yd\u00e4t aikoja tai soita tai viestit\u00e4. Ajan voit varata alla olevasta linkist\u00e4, soittamalla tai laittamalla viesti\u00e4. Varaa aika netiss\u00e4! Meille on helppo tulla, Porvoon bussiasemalta on lyhyt k\u00e4velymatka. Autolle l\u00f6ytyy aina tilaa esimerkiksi virastotalon parkkipaikalla ja liikkeen takana kulkevilla sivukaduilla. Nopeat noudot ja tavarantuonnin voi hoitaa liikkeen edess\u00e4 kulkevalla k\u00e4velykadulla. Porvooseen kannattaa tulla pidemm\u00e4lt\u00e4kin, sill\u00e4 esimerkiksi idylliset kahvilat ja shoppailumahdollisuudet Wanhassa Porvoossa l\u00f6ytyv\u00e4t ihan k\u00e4velymatkan p\u00e4\u00e4st\u00e4. Ota siis kaasot ja makutuomarit mukaan, puvun oston v\u00e4lill\u00e4 voitte k\u00e4yd\u00e4 rentoutumassa kakkukahvilla! Lastenvaunujen\/py\u00f6r\u00e4tuolin kanssa koputa ikkunaan, niin autamme raput. Yhteisty\u00f6ss\u00e4: Studio Lindell h\u00e4\u00e4t.fi H\u00e4\u00e4t ja Juhlat Love Me Do-Hurmaavan erilainen h\u00e4\u00e4tapahtuma\u00a0 Sivujen kuvat: Valkoinen Kreivit\u00e4r ja sen edustamat merkit, Studio Lindell<\/p>\n","protected":false},"author":1,"featured_media":0,"parent":0,"menu_order":9,"comment_status":"closed","ping_status":"open","template":"","meta":{"footnotes":""},"class_list":["post-86","page","type-page","status-publish","hentry"],"_links":{"self":[{"href":"http:\/\/www.valkoinenkreivitar.fi\/content\/index.php?rest_route=\/wp\/v2\/pages\/86","targetHints":{"allow":["GET"]}}],"collection":[{"href":"http:\/\/www.valkoinenkreivitar.fi\/content\/index.php?rest_route=\/wp\/v2\/pages"}],"about":[{"href":"http:\/\/www.valkoinenkreivitar.fi\/content\/index.php?rest_route=\/wp\/v2\/types\/page"}],"author":[{"embeddable":true,"href":"http:\/\/www.valkoinenkreivitar.fi\/content\/index.php?rest_route=\/wp\/v2\/users\/1"}],"replies":[{"embeddable":true,"href":"http:\/\/www.valkoinenkreivitar.fi\/content\/index.php?rest_route=%2Fwp%2Fv2%2Fcomments&post=86"}],"version-history":[{"count":36,"href":"http:\/\/www.valkoinenkreivitar.fi\/content\/index.php?rest_route=\/wp\/v2\/pages\/86\/revisions"}],"predecessor-version":[{"id":2749,"href":"http:\/\/www.valkoinenkreivitar.fi\/content\/index.php?rest_route=\/wp\/v2\/pages\/86\/revisions\/2749"}],"wp:attachment":[{"href":"http:\/\/www.valkoinenkreivitar.fi\/content\/index.php?rest_route=%2Fwp%2Fv2%2Fmedia&parent=86"}],"curies":[{"name":"wp","href":"https:\/\/api.w.org\/{rel}","templated":true}]}}