{"id":832,"date":"2014-10-11T10:04:24","date_gmt":"2014-10-11T10:04:24","guid":{"rendered":"http:\/\/www.valkoinenkreivitar.fi\/content\/?page_id=832"},"modified":"2026-02-26T19:40:53","modified_gmt":"2026-02-26T17:40:53","slug":"morsiuspuvut","status":"publish","type":"page","link":"http:\/\/www.valkoinenkreivitar.fi\/content\/?page_id=832","title":{"rendered":"Morsiuspuvut"},"content":{"rendered":"\n<div class=\"wp-block-cover\"><img decoding=\"async\" class=\"wp-block-cover__image-background wp-image-2744\" alt=\"\" src=\"http:\/\/www.valkoinenkreivitar.fi\/content\/wp-content\/uploads\/2026\/02\/IMG_0672.heic\" data-object-fit=\"cover\"\/><span aria-hidden=\"true\" class=\"wp-block-cover__background has-background-dim\"><\/span><div class=\"wp-block-cover__inner-container is-layout-flow wp-block-cover-is-layout-flow\">\n<p class=\"has-text-align-center has-large-font-size\">Tervetuloa sovitukseen!<\/p>\n<\/div><\/div>\n\n\n\n<p class=\"has-text-align-left\">L\u00e4mpim\u00e4sti tervetuloa palvelevaan sovitukseen. Ajan varaamalla saat rauhassa tutustua valikoimaan yksin tai l\u00e4heistesi kanssa. Meill\u00e4 on rento tunnelma ja kaikki ovat tervetulleita omana itsen\u00e4\u00e4n.<\/p>\n\n\n\n<p><\/p>\n\n\n\n<h3 class=\"wp-block-heading\"><a href=\"https:\/\/varaa.timma.fi\/valkoinenkreivitar\" target=\"_blank\" rel=\"noopener noreferrer\">Varaa sovitusaikasi t\u00e4st\u00e4!<\/a><\/h3>\n\n\n\n<p>Valittavana on 45 minuutin ilmainen aika ja maksullinen 1,5 tuntia. Lis\u00e4ksi palveluista l\u00f6ytyy maksullinen 1,5 tunnin spesiaalisovitus tarjoiluineen my\u00f6s iltaisin tai viikonloppuna. Kalenterissa on aikoja tarjolla, mutta kysy rohkeasti muitakin aikoja.<\/p>\n\n\n\n<p><strong>Sovitukseen<\/strong> suosittelemme tuomaan 1-3 makutuomaria. Jos henkil\u00f6it\u00e4 on enemm\u00e4n, sovitustilanne menee helposti levottomaksi, mutta itse tunnet parhaiten seurueesi. P\u00e4\u00e4asia, ett\u00e4 morsian kokee olonsa mukavaksi.<\/p>\n\n\n\n<p><strong>Kokoja\u00a0<\/strong>valikoimassamme on reilusti ja erilaisia malleja sovitettavana. Pyrimme siihen, ett\u00e4 jokaiselle l\u00f6ytyy sovitettavaa ainakin l\u00e4hell\u00e4 omaa kokoaan. Myyt\u00e4vien tai vuokrattavien mallikappaleiden lis\u00e4ksi voimme tilata ostopuvut eri kokoisina. On meid\u00e4n vastuullamme l\u00f6yt\u00e4\u00e4 mahdollisimman oikea koko, jotta sinun ei tarvitse huolehtia siit\u00e4. Keskustelemme yhdess\u00e4, millaiset korjaustarpeet mahdollisesti tulevat olemaan.<\/p>\n\n\n\n<p><strong>Aikataulut<\/strong> ovat joustavia, riippuen omista toiveistasi. Tilausajat vaihtelevat mallistokohtaisesti noin 12-16 viikon v\u00e4liss\u00e4 ja lis\u00e4ksi on hyv\u00e4 j\u00e4tt\u00e4\u00e4 varaa korjauksille ja sille, ett\u00e4 kenenk\u00e4\u00e4n ei tarvitse panikoida. Toki rekiss\u00e4 on satoja pukuja, jotka voit ostaa mukaasi vaikka heti.<\/p>\n\n\n\n<p><strong>Hintaluokkia<\/strong> on my\u00f6s useita mallistosta riippuen. Uusien pukujen hinnat vaihtelevat n.700 \u20ac-3000 \u20ac v\u00e4liss\u00e4. Vanhempia mallikappaleita myyd\u00e4\u00e4n tarjoushinnoin.<\/p>\n\n\n\n<p><strong>Vuokrattavia<\/strong> pukuja on valikoima. Ne sis\u00e4lt\u00e4v\u00e4t l\u00e4hinn\u00e4 satiini- ja mikadokankaisia malleja. Vuokrahinnat vaihtelevat puvun mukaan, noin 400 \u20ac-1200 \u20ac haarukassa. Vuokra sis\u00e4lt\u00e4\u00e4 peruskorjausty\u00f6t, eli helman noston ja pieni\u00e4 koon muutoksia voidaan tehd\u00e4. Hintaan sis\u00e4ltyy my\u00f6s normaali pesukerta, erikoistahrat tai ei normaalista k\u00e4yt\u00f6st\u00e4 johtuneen puvun kunnon alentumisen laskutamme erikseen.<\/p>\n\n\n\n<p><strong style=\"line-height: 1.5;\">Ompelimomme voi tehd\u00e4 kaikkiin pukuihin tarvittavat sovitusmuutokset ja korjaukset<\/strong><span style=\"line-height: 1.5;\">. Palvelumme on laadukas ja kohtuuhintainen ja varmistaa, ett\u00e4 pukusi istuu kunnolla ja on miellytt\u00e4v\u00e4 p\u00e4\u00e4ll\u00e4. Meille voi tuoda my\u00f6s muualta hankitun puvun korjausompeluun.<\/span><\/p>\n\n\n\n<p><strong>Br\u00e4ndit:<\/strong><\/p>\n\n\n\n<h5 class=\"wp-block-heading\"><a href=\"https:\/\/www.facebook.com\/pg\/valkoinen.kreivitar\/photos\/?tab=album&amp;album_id=191724314232047\" target=\"_blank\" rel=\"noopener noreferrer\">Facebookissa<\/a> sek\u00e4 <a href=\"https:\/\/www.instagram.com\/valkoinenkreivitar\/\">Instagramissa<\/a> ajankohtaisimpia malleja.<\/h5>\n\n\n\n<div class=\"wp-block-columns is-layout-flex wp-container-core-columns-is-layout-9d6595d7 wp-block-columns-is-layout-flex\">\n<div class=\"wp-block-column is-layout-flow wp-block-column-is-layout-flow\">\n<div class=\"wp-block-group is-layout-grid wp-container-core-group-is-layout-9649a0d9 wp-block-group-is-layout-grid\">\n<figure class=\"wp-block-image size-full\"><a href=\"https:\/\/justinalexander.com\"><img loading=\"lazy\" decoding=\"async\" width=\"459\" height=\"110\" src=\"http:\/\/www.valkoinenkreivitar.fi\/content\/wp-content\/uploads\/2026\/02\/Unknown-2.png\" alt=\"\" class=\"wp-image-2751\" srcset=\"http:\/\/www.valkoinenkreivitar.fi\/content\/wp-content\/uploads\/2026\/02\/Unknown-2.png 459w, http:\/\/www.valkoinenkreivitar.fi\/content\/wp-content\/uploads\/2026\/02\/Unknown-2-300x72.png 300w, http:\/\/www.valkoinenkreivitar.fi\/content\/wp-content\/uploads\/2026\/02\/Unknown-2-450x108.png 450w, http:\/\/www.valkoinenkreivitar.fi\/content\/wp-content\/uploads\/2026\/02\/Unknown-2-50x12.png 50w\" sizes=\"auto, (max-width: 459px) 100vw, 459px\" \/><\/a><\/figure>\n\n\n\n<figure class=\"wp-block-image size-full\"><a href=\"https:\/\/www.whiteonebridal.com\"><img loading=\"lazy\" decoding=\"async\" width=\"225\" height=\"72\" src=\"http:\/\/www.valkoinenkreivitar.fi\/content\/wp-content\/uploads\/2026\/02\/Unknown-5-e1772111914336.png\" alt=\"\" class=\"wp-image-2753\" srcset=\"http:\/\/www.valkoinenkreivitar.fi\/content\/wp-content\/uploads\/2026\/02\/Unknown-5-e1772111914336.png 225w, http:\/\/www.valkoinenkreivitar.fi\/content\/wp-content\/uploads\/2026\/02\/Unknown-5-e1772111914336-50x16.png 50w\" sizes=\"auto, (max-width: 225px) 100vw, 225px\" \/><\/a><\/figure>\n\n\n\n<figure class=\"wp-block-image size-full\"><a href=\"https:\/\/justinalexander.com\/lillian-west\/\"><img loading=\"lazy\" decoding=\"async\" width=\"391\" height=\"129\" src=\"http:\/\/www.valkoinenkreivitar.fi\/content\/wp-content\/uploads\/2026\/02\/lillialogo.png\" alt=\"\" class=\"wp-image-2754\" srcset=\"http:\/\/www.valkoinenkreivitar.fi\/content\/wp-content\/uploads\/2026\/02\/lillialogo.png 391w, http:\/\/www.valkoinenkreivitar.fi\/content\/wp-content\/uploads\/2026\/02\/lillialogo-300x99.png 300w, http:\/\/www.valkoinenkreivitar.fi\/content\/wp-content\/uploads\/2026\/02\/lillialogo-50x16.png 50w\" sizes=\"auto, (max-width: 391px) 100vw, 391px\" \/><\/a><\/figure>\n\n\n\n<figure class=\"wp-block-image size-full\"><a href=\"https:\/\/tanyagrig.com\"><img loading=\"lazy\" decoding=\"async\" width=\"300\" height=\"168\" src=\"http:\/\/www.valkoinenkreivitar.fi\/content\/wp-content\/uploads\/2026\/02\/Unknown-3.png\" alt=\"\" class=\"wp-image-2752\" srcset=\"http:\/\/www.valkoinenkreivitar.fi\/content\/wp-content\/uploads\/2026\/02\/Unknown-3.png 300w, http:\/\/www.valkoinenkreivitar.fi\/content\/wp-content\/uploads\/2026\/02\/Unknown-3-50x28.png 50w\" sizes=\"auto, (max-width: 300px) 100vw, 300px\" \/><\/a><\/figure>\n<\/div>\n<\/div>\n<\/div>\n\n\n\n<div class=\"wp-block-columns is-layout-flex wp-container-core-columns-is-layout-9d6595d7 wp-block-columns-is-layout-flex\">\n<div class=\"wp-block-column is-layout-flow wp-block-column-is-layout-flow\">\n<figure class=\"wp-block-image size-full\"><a href=\"https:\/\/www.ameliebridal.de\/?lang=en\"><img loading=\"lazy\" decoding=\"async\" width=\"300\" height=\"133\" src=\"http:\/\/www.valkoinenkreivitar.fi\/content\/wp-content\/uploads\/2026\/02\/amelie.png\" alt=\"\" class=\"wp-image-2765\" srcset=\"http:\/\/www.valkoinenkreivitar.fi\/content\/wp-content\/uploads\/2026\/02\/amelie.png 300w, http:\/\/www.valkoinenkreivitar.fi\/content\/wp-content\/uploads\/2026\/02\/amelie-50x22.png 50w\" sizes=\"auto, (max-width: 300px) 100vw, 300px\" \/><\/a><\/figure>\n<\/div>\n\n\n\n<div class=\"wp-block-column is-layout-flow wp-block-column-is-layout-flow\">\n<figure class=\"wp-block-image size-full\"><a href=\"https:\/\/angelabianca.com\"><img loading=\"lazy\" decoding=\"async\" width=\"404\" height=\"125\" src=\"http:\/\/www.valkoinenkreivitar.fi\/content\/wp-content\/uploads\/2026\/02\/ab-logo.png\" alt=\"\" class=\"wp-image-2767\" srcset=\"http:\/\/www.valkoinenkreivitar.fi\/content\/wp-content\/uploads\/2026\/02\/ab-logo.png 404w, http:\/\/www.valkoinenkreivitar.fi\/content\/wp-content\/uploads\/2026\/02\/ab-logo-300x93.png 300w, http:\/\/www.valkoinenkreivitar.fi\/content\/wp-content\/uploads\/2026\/02\/ab-logo-50x15.png 50w\" sizes=\"auto, (max-width: 404px) 100vw, 404px\" \/><\/a><\/figure>\n<\/div>\n<\/div>\n\n\n<div class=\"wp-block-image\">\n<figure class=\"alignleft\"><img loading=\"lazy\" decoding=\"async\" width=\"200\" height=\"300\" src=\"http:\/\/www.valkoinenkreivitar.fi\/content\/wp-content\/uploads\/2026\/02\/IMG_0170-2-200x300.webp\" alt=\"\" class=\"wp-image-2734\" srcset=\"http:\/\/www.valkoinenkreivitar.fi\/content\/wp-content\/uploads\/2026\/02\/IMG_0170-2-200x300.webp 200w, http:\/\/www.valkoinenkreivitar.fi\/content\/wp-content\/uploads\/2026\/02\/IMG_0170-2-683x1024.webp 683w, http:\/\/www.valkoinenkreivitar.fi\/content\/wp-content\/uploads\/2026\/02\/IMG_0170-2-768x1152.webp 768w, http:\/\/www.valkoinenkreivitar.fi\/content\/wp-content\/uploads\/2026\/02\/IMG_0170-2-1024x1536.webp 1024w, http:\/\/www.valkoinenkreivitar.fi\/content\/wp-content\/uploads\/2026\/02\/IMG_0170-2-1365x2048.webp 1365w, http:\/\/www.valkoinenkreivitar.fi\/content\/wp-content\/uploads\/2026\/02\/IMG_0170-2-1140x1710.webp 1140w, http:\/\/www.valkoinenkreivitar.fi\/content\/wp-content\/uploads\/2026\/02\/IMG_0170-2-450x675.webp 450w, http:\/\/www.valkoinenkreivitar.fi\/content\/wp-content\/uploads\/2026\/02\/IMG_0170-2-33x50.webp 33w, http:\/\/www.valkoinenkreivitar.fi\/content\/wp-content\/uploads\/2026\/02\/IMG_0170-2.webp 1440w\" sizes=\"auto, (max-width: 200px) 100vw, 200px\" \/><\/figure>\n<\/div>\n\n<div class=\"wp-block-image\">\n<figure class=\"alignleft\"><img loading=\"lazy\" decoding=\"async\" width=\"200\" height=\"300\" src=\"http:\/\/www.valkoinenkreivitar.fi\/content\/wp-content\/uploads\/2026\/02\/IMG_0168-2-200x300.webp\" alt=\"\" class=\"wp-image-2733\" srcset=\"http:\/\/www.valkoinenkreivitar.fi\/content\/wp-content\/uploads\/2026\/02\/IMG_0168-2-200x300.webp 200w, http:\/\/www.valkoinenkreivitar.fi\/content\/wp-content\/uploads\/2026\/02\/IMG_0168-2-683x1024.webp 683w, http:\/\/www.valkoinenkreivitar.fi\/content\/wp-content\/uploads\/2026\/02\/IMG_0168-2-768x1152.webp 768w, http:\/\/www.valkoinenkreivitar.fi\/content\/wp-content\/uploads\/2026\/02\/IMG_0168-2-1024x1536.webp 1024w, http:\/\/www.valkoinenkreivitar.fi\/content\/wp-content\/uploads\/2026\/02\/IMG_0168-2-1365x2048.webp 1365w, http:\/\/www.valkoinenkreivitar.fi\/content\/wp-content\/uploads\/2026\/02\/IMG_0168-2-1140x1710.webp 1140w, http:\/\/www.valkoinenkreivitar.fi\/content\/wp-content\/uploads\/2026\/02\/IMG_0168-2-450x675.webp 450w, http:\/\/www.valkoinenkreivitar.fi\/content\/wp-content\/uploads\/2026\/02\/IMG_0168-2-33x50.webp 33w, http:\/\/www.valkoinenkreivitar.fi\/content\/wp-content\/uploads\/2026\/02\/IMG_0168-2.webp 1440w\" sizes=\"auto, (max-width: 200px) 100vw, 200px\" \/><\/figure>\n<\/div>\n\n<div class=\"wp-block-image\">\n<figure class=\"alignleft\"><img loading=\"lazy\" decoding=\"async\" width=\"200\" height=\"300\" src=\"http:\/\/www.valkoinenkreivitar.fi\/content\/wp-content\/uploads\/2026\/02\/IMG_0159-2-200x300.webp\" alt=\"\" class=\"wp-image-2732\" srcset=\"http:\/\/www.valkoinenkreivitar.fi\/content\/wp-content\/uploads\/2026\/02\/IMG_0159-2-200x300.webp 200w, http:\/\/www.valkoinenkreivitar.fi\/content\/wp-content\/uploads\/2026\/02\/IMG_0159-2-683x1024.webp 683w, http:\/\/www.valkoinenkreivitar.fi\/content\/wp-content\/uploads\/2026\/02\/IMG_0159-2-768x1152.webp 768w, http:\/\/www.valkoinenkreivitar.fi\/content\/wp-content\/uploads\/2026\/02\/IMG_0159-2-1024x1536.webp 1024w, http:\/\/www.valkoinenkreivitar.fi\/content\/wp-content\/uploads\/2026\/02\/IMG_0159-2-1365x2048.webp 1365w, http:\/\/www.valkoinenkreivitar.fi\/content\/wp-content\/uploads\/2026\/02\/IMG_0159-2-1140x1710.webp 1140w, http:\/\/www.valkoinenkreivitar.fi\/content\/wp-content\/uploads\/2026\/02\/IMG_0159-2-450x675.webp 450w, http:\/\/www.valkoinenkreivitar.fi\/content\/wp-content\/uploads\/2026\/02\/IMG_0159-2-33x50.webp 33w, http:\/\/www.valkoinenkreivitar.fi\/content\/wp-content\/uploads\/2026\/02\/IMG_0159-2.webp 1440w\" sizes=\"auto, (max-width: 200px) 100vw, 200px\" \/><\/figure>\n<\/div>\n\n<div class=\"wp-block-image\">\n<figure class=\"alignleft\"><img loading=\"lazy\" decoding=\"async\" width=\"200\" height=\"300\" src=\"http:\/\/www.valkoinenkreivitar.fi\/content\/wp-content\/uploads\/2026\/02\/88405PS_Jessa_FC_Justin-Alexander_1-200x300.jpg\" alt=\"\" class=\"wp-image-2725\" srcset=\"http:\/\/www.valkoinenkreivitar.fi\/content\/wp-content\/uploads\/2026\/02\/88405PS_Jessa_FC_Justin-Alexander_1-200x300.jpg 200w, http:\/\/www.valkoinenkreivitar.fi\/content\/wp-content\/uploads\/2026\/02\/88405PS_Jessa_FC_Justin-Alexander_1-683x1024.jpg 683w, http:\/\/www.valkoinenkreivitar.fi\/content\/wp-content\/uploads\/2026\/02\/88405PS_Jessa_FC_Justin-Alexander_1-768x1152.jpg 768w, http:\/\/www.valkoinenkreivitar.fi\/content\/wp-content\/uploads\/2026\/02\/88405PS_Jessa_FC_Justin-Alexander_1-1024x1536.jpg 1024w, http:\/\/www.valkoinenkreivitar.fi\/content\/wp-content\/uploads\/2026\/02\/88405PS_Jessa_FC_Justin-Alexander_1-1365x2048.jpg 1365w, http:\/\/www.valkoinenkreivitar.fi\/content\/wp-content\/uploads\/2026\/02\/88405PS_Jessa_FC_Justin-Alexander_1-1140x1710.jpg 1140w, http:\/\/www.valkoinenkreivitar.fi\/content\/wp-content\/uploads\/2026\/02\/88405PS_Jessa_FC_Justin-Alexander_1-450x675.jpg 450w, http:\/\/www.valkoinenkreivitar.fi\/content\/wp-content\/uploads\/2026\/02\/88405PS_Jessa_FC_Justin-Alexander_1-33x50.jpg 33w, http:\/\/www.valkoinenkreivitar.fi\/content\/wp-content\/uploads\/2026\/02\/88405PS_Jessa_FC_Justin-Alexander_1.jpg 1440w\" sizes=\"auto, (max-width: 200px) 100vw, 200px\" \/><\/figure>\n<\/div>\n\n\n<p><br>  <\/p>\n","protected":false},"excerpt":{"rendered":"<p>L\u00e4mpim\u00e4sti tervetuloa palvelevaan sovitukseen. Ajan varaamalla saat rauhassa tutustua valikoimaan yksin tai l\u00e4heistesi kanssa. Meill\u00e4 on rento tunnelma ja kaikki ovat tervetulleita omana itsen\u00e4\u00e4n. Varaa sovitusaikasi t\u00e4st\u00e4! Valittavana on 45 minuutin ilmainen aika ja maksullinen 1,5 tuntia. Lis\u00e4ksi palveluista l\u00f6ytyy maksullinen 1,5 tunnin spesiaalisovitus tarjoiluineen my\u00f6s iltaisin tai viikonloppuna. Kalenterissa on aikoja tarjolla, mutta kysy rohkeasti muitakin aikoja. Sovitukseen suosittelemme tuomaan 1-3 makutuomaria. Jos henkil\u00f6it\u00e4 on enemm\u00e4n, sovitustilanne menee helposti levottomaksi, mutta itse tunnet parhaiten seurueesi. P\u00e4\u00e4asia, ett\u00e4 morsian kokee olonsa mukavaksi. Kokoja\u00a0valikoimassamme on reilusti ja erilaisia malleja sovitettavana. Pyrimme siihen, ett\u00e4 jokaiselle l\u00f6ytyy sovitettavaa ainakin l\u00e4hell\u00e4 omaa kokoaan. Myyt\u00e4vien tai vuokrattavien mallikappaleiden lis\u00e4ksi voimme tilata ostopuvut eri kokoisina. On meid\u00e4n vastuullamme l\u00f6yt\u00e4\u00e4 mahdollisimman oikea koko, jotta sinun ei tarvitse huolehtia siit\u00e4. Keskustelemme yhdess\u00e4, millaiset korjaustarpeet mahdollisesti tulevat olemaan. Aikataulut ovat joustavia, riippuen omista toiveistasi. Tilausajat vaihtelevat mallistokohtaisesti noin 12-16 viikon v\u00e4liss\u00e4 ja lis\u00e4ksi on hyv\u00e4 j\u00e4tt\u00e4\u00e4 varaa korjauksille ja sille, ett\u00e4 kenenk\u00e4\u00e4n ei tarvitse panikoida. Toki rekiss\u00e4 on satoja pukuja, jotka voit ostaa mukaasi vaikka heti. Hintaluokkia on my\u00f6s useita mallistosta riippuen. Uusien pukujen hinnat vaihtelevat n.700 \u20ac-3000 \u20ac v\u00e4liss\u00e4. Vanhempia mallikappaleita myyd\u00e4\u00e4n tarjoushinnoin. Vuokrattavia pukuja on valikoima. Ne sis\u00e4lt\u00e4v\u00e4t l\u00e4hinn\u00e4 satiini- ja mikadokankaisia malleja. Vuokrahinnat vaihtelevat puvun mukaan, noin 400 \u20ac-1200 \u20ac haarukassa. Vuokra sis\u00e4lt\u00e4\u00e4 peruskorjausty\u00f6t, eli helman noston ja pieni\u00e4 koon muutoksia voidaan tehd\u00e4. Hintaan sis\u00e4ltyy my\u00f6s normaali pesukerta, erikoistahrat tai ei normaalista k\u00e4yt\u00f6st\u00e4 johtuneen puvun kunnon alentumisen laskutamme erikseen. Ompelimomme voi tehd\u00e4 kaikkiin pukuihin tarvittavat sovitusmuutokset ja korjaukset. Palvelumme on laadukas ja kohtuuhintainen ja varmistaa, ett\u00e4 pukusi istuu kunnolla ja on miellytt\u00e4v\u00e4 p\u00e4\u00e4ll\u00e4. Meille voi tuoda my\u00f6s muualta hankitun puvun korjausompeluun. Br\u00e4ndit: Facebookissa sek\u00e4 Instagramissa ajankohtaisimpia malleja.<\/p>\n","protected":false},"author":1,"featured_media":0,"parent":0,"menu_order":1,"comment_status":"closed","ping_status":"open","template":"","meta":{"footnotes":""},"class_list":["post-832","page","type-page","status-publish","hentry"],"_links":{"self":[{"href":"http:\/\/www.valkoinenkreivitar.fi\/content\/index.php?rest_route=\/wp\/v2\/pages\/832","targetHints":{"allow":["GET"]}}],"collection":[{"href":"http:\/\/www.valkoinenkreivitar.fi\/content\/index.php?rest_route=\/wp\/v2\/pages"}],"about":[{"href":"http:\/\/www.valkoinenkreivitar.fi\/content\/index.php?rest_route=\/wp\/v2\/types\/page"}],"author":[{"embeddable":true,"href":"http:\/\/www.valkoinenkreivitar.fi\/content\/index.php?rest_route=\/wp\/v2\/users\/1"}],"replies":[{"embeddable":true,"href":"http:\/\/www.valkoinenkreivitar.fi\/content\/index.php?rest_route=%2Fwp%2Fv2%2Fcomments&post=832"}],"version-history":[{"count":64,"href":"http:\/\/www.valkoinenkreivitar.fi\/content\/index.php?rest_route=\/wp\/v2\/pages\/832\/revisions"}],"predecessor-version":[{"id":2780,"href":"http:\/\/www.valkoinenkreivitar.fi\/content\/index.php?rest_route=\/wp\/v2\/pages\/832\/revisions\/2780"}],"wp:attachment":[{"href":"http:\/\/www.valkoinenkreivitar.fi\/content\/index.php?rest_route=%2Fwp%2Fv2%2Fmedia&parent=832"}],"curies":[{"name":"wp","href":"https:\/\/api.w.org\/{rel}","templated":true}]}}